493?
7, 269, 863671
List the prime factors of 5648449408.
2, 7, 373, 16901
List the prime factors of 175455894.
2, 3, 29242649
List the prime factors of 276046435.
5, 7, 7887041
What are the prime factors of 46589895?
3, 5, 11, 94121
List the prime factors of 1014152948.
2, 253538237
List the prime factors of 60510857.
11, 5500987
List the prime factors of 69371510.
2, 5, 13, 263, 2029
What are the prime factors of 9872607?
3, 1213, 2713
List the prime factors of 159164003.
113, 1103, 1277
List the prime factors of 142775063.
19, 7514477
What are the prime factors of 805983038?
2, 7, 937, 61441
List the prime factors of 25338706.
2, 151, 83903
What are the prime factors of 583986139?
11, 43, 47, 109, 241
List the prime factors of 4625424251.
7, 89, 7424437
What are the prime factors of 51691736?
2, 83, 77849
List the prime factors of 3875004595.
5, 7, 11, 601, 16747
What are the prime factors of 352542846?
2, 3, 41, 1433101
What are the prime factors of 622247283?
3, 7, 19, 31, 41, 409
List the prime factors of 49913165.
5, 1063, 9391
What are the prime factors of 13639449?
3, 1129, 4027
What are the prime factors of 175311101?
7, 1601, 15643
What are the prime factors of 1653590357?
17, 97270021
List the prime factors of 57932024.
2, 29, 71, 3517
List the prime factors of 56249269.
139, 404671
List the prime factors of 3386725237.
7, 2389, 202519
List the prime factors of 62842317.
3, 37, 139, 4073
List the prime factors of 207726876.
2, 3, 7, 17, 2309
List the prime factors of 40243959.
3, 7, 59, 401
List the prime factors of 3084014652.
2, 3, 7907, 32503
What are the prime factors of 1009008635?
5, 3877, 52051
What are the prime factors of 321078433?
13, 24698341
List the prime factors of 1939245997.
13, 113, 1320113
What are the prime factors of 445089981?
3, 7, 3027823
What are the prime factors of 2433153586?
2, 1216576793
List the prime factors of 784445552.
2, 11, 17, 19, 13799
List the prime factors of 220953063.
3, 17, 47, 92179
List the prime factors of 58263205.
5, 7, 11, 13, 1663
What are the prime factors of 7204789997?
23, 8707, 35977
What are the prime factors of 2091451174?
2, 29, 36059503
List the prime factors of 102953853.
3, 17, 672901
What are the prime factors of 949850057?
13, 73065389
What are the prime factors of 455661499?
455661499
What are the prime factors of 2086957078?
2, 1009, 1034171
What are the prime factors of 245527776?
2, 3, 13, 65579
List the prime factors of 36331389.
3, 79, 17033
List the prime factors of 48842888.
2, 71, 85991
What are the prime factors of 284574734?
2, 142287367
What are the prime factors of 199320229?
41, 271, 17939
List the prime factors of 851517709.
7, 17, 7155611
What are the prime factors of 15587086?
2, 61, 127763
List the prime factors of 2038856157.
3, 13, 5808707
What are the prime factors of 1083467370?
2, 3, 5, 36115579
What are the prime factors of 30395649?
3, 19, 533257
What are the prime factors of 47376250?
2, 5, 151, 251
What are the prime factors of 1554127086?
2, 3, 163, 9749
What are the prime factors of 178517108?
2, 7, 11, 52691
What are the prime factors of 928906570?
2, 5, 92890657
List the prime factors of 4925945900.
2, 5, 389, 126631
List the prime factors of 25226939.
43, 71, 8263
List the prime factors of 1113664132.
2, 7, 107, 503, 739
List the prime factors of 3729532685.
5, 23, 32430719
What are the prime factors of 1429587856?
2, 89349241
What are the prime factors of 466460478?
2, 3, 11, 785287
What are the prime factors of 32590290?
2, 3, 5, 1086343
What are the prime factors of 41265055?
5, 13, 19, 33413
List the prime factors of 531594214.
2, 67, 3967121
List the prime factors of 49540332.
2, 3, 4128361
What are the prime factors of 405935943?
3, 7, 1361, 2029
List the prime factors of 241631783.
571, 423173
What are the prime factors of 52979114?
2, 29, 913433
What are the prime factors of 167314072?
2, 20914259
What are the prime factors of 250063400?
2, 5, 61, 103, 199
What are the prime factors of 1726725662?
2, 19, 349, 130201
What are the prime factors of 95893974?
2, 3, 11, 17, 31, 919
List the prime factors of 41630030.
2, 5, 13, 179, 1789
List the prime factors of 905222351.
11, 31, 53, 50087
What are the prime factors of 1187797416?
2, 3, 13, 53, 109, 659
What are the prime factors of 1074863356?
2, 7, 38387977
What are the prime factors of 33124498?
2, 11, 1505659
List the prime factors of 3106893370.
2, 5, 7, 1867, 23773
What are the prime factors of 38393431?
2243, 17117
What are the prime factors of 15043547?
29, 518743
List the prime factors of 27679681.
2749, 10069
What are the prime factors of 79785808?
2, 4986613
What are the prime factors of 19480137?
3, 47, 138157
What are the prime factors of 290438813?
7, 43, 964913
List the prime factors of 1273136569.
29, 937, 46853
What are the prime factors of 527428840?
2, 5, 13185721
List the prime factors of 126367502.
2, 63183751
What are the prime factors of 4666926733?
7, 666703819
What are the prime factors of 201394222?
2, 100697111
What are the prime factors of 597420393?
3, 73, 661, 4127
List the prime factors of 32785443.
3, 277, 13151
List the prime factors of 37073338.
2, 18536669
What are the prime factors of 10203141?
3, 13, 261619
What are the prime factors of 163262865?
3, 5, 1723, 6317
What are the prime factors of 1335600064?
2, 23, 269, 3373
What are the prime factors of 1191797244?
2, 3, 11, 107, 2557
What are the prime factors of 2323002996?
2, 3, 2129, 10103
List the prime factors of 702135064.
2, 5237, 16759
List the prime factors of 6759762.
2, 3, 1126627
List the prime factors of 146965992.
2, 3, 47, 113, 1153
List the prime factors of 481063790.
2, 5, 17, 43, 65809
List the prime factors of 349035804.
2, 3, 13, 173, 479
List the prime factors of 20705809.
20705809
What are the prime factors of 14572403?
53, 274951
What are the prime factors of 901397118?
2, 3, 1951, 77003
What are the prime factors of 17456490?
2, 3, 5, 73, 2657
What are the prime factors of 2493636334?
2, 7, 178116881
What are the prime factors of 61292149?
131, 467879
What are the prime factors of 35175407?
35175407
List the prime factors of 272381005.
5, 13, 4190477
What are the prime factors of 1203224647?
19, 63327613
List the prime factors of 65306200.
2, 5, 23, 14197
What are the prime factors of 216516082?
2, 37, 2925893
List the prime factors of 161314126.
2, 1423, 56681
List the prime factors of 279220128.
2, 3, 11, 79, 3347
List the prime factors of 27329520.
2, 3, 5, 23, 4951
What are the prime factors of 2130315994?
2, 3853, 276449
What are the prime factors of 50033550?
2, 3, 5, 7, 17, 2803
What are the prime factors of 489496154?
2, 7, 34964011
List the prime factors of 4204659.
3, 97, 14449
What are the prime factors of 1249028912?
2, 43, 1815449
List the prime factors of 81212706.
2, 3, 17, 37, 797
List the prime factors of 2741065991.
47, 181, 322213
What are the prime factors of 423086790?
2, 3, 5, 7, 41, 49139
What are the prime factors of 48000628?
2, 13, 107, 8627
List the prime factors of 62103896.
2, 113, 68699
List the prime factors of 56778434.
2, 61, 337, 1381
What are the prime factors of 403523678?
2, 113, 1785503
List the prime factors of 739980103.
739980103
What are the prime factors of 124484147?
83, 661, 2269
List the prime factors of 106313506.
2, 13, 37, 8501
What are the prime factors of 407246622?
2, 3, 283, 373, 643
What are the prime factors of 85312716?
2, 3, 1213, 5861
What are the prime factors of 45669959?
45669959
What are the prime factors of 117583859?
41, 83, 109, 317
What are the prime factors of 1277172345?
3, 5, 17, 41, 151, 809
What are the prime factors of 4594421952?
2, 3, 41, 64849
List the prime factors of 46909684.
2, 11727421
List the prime factors of 328118045.
5, 47, 1396247
What are the prime factors of 404565947?
404565947
What are the prime factors of 3627396903?
3, 13, 53, 61, 2213
List the prime factors of 31036824.
2, 3, 7, 13, 1579
List the prime factors of 9619247.
11, 874477
List the prime factors of 1027953931.
331, 683, 4547
List the prime factors of 1477326132.
2, 3, 461, 89017
List the prime factors of 25083558.
2, 3, 37, 37663
List the prime factors of 1046476053.
3, 7, 19, 874249
List the prime factors of 18801866.
